s.
4
Suppose -4*j + 36 = -2*j. Suppose 2*m = 4*m - j. Calculate the greatest common factor of m and 36.
9
Let w(c) = c**3 + 11*c**2 + 9*c - 7. Let d be w(-10). Calculate the highest common factor of 9 and d.
3
Suppose 0 = -a - 4*a + 3*y - 1, 2 = 2*a - 2*y. Let c be (0 - 1)*(a + -3). What is the highest common divisor of c and 55?
5
Suppose 4*a - 2*a - p = 46, 5*a = -4*p + 141. Suppose -3*u - a + 115 = 0. Let q be (-2)/8 - (-183)/12. What is the greatest common factor of u and q?
15
Let p = 64 + -35. Let d = -14 + p. Calculate the highest common factor of 3 and d.
3
Suppose -2*p = n - 10 - 12, -5*p = -2*n - 64. Suppose -4*s = -5*y + 45, -s - 5*y + 20 = -0*s. Let w = s + 65. Calculate the greatest common factor of w and p.
12
Let j = -25 + 53. Calculate the highest common factor of 84 and j.
28
Let a(o) = 2*o**2 - 3*o + 26. Let f be a(13). What is the highest common factor of 13 and f?
13
Let c(p) be the first derivative of -41*p**2/2 - p - 10. Let x be c(-1). What is the highest common factor of 60 and x?
20
Suppose 3*s - 24 = -9. Let t(y) = 2*y**2 - 4*y - 6. Let h be t(s). What is the highest common divisor of h and 3?
3
Let k = -150 + 262. Calculate the highest common factor of 16 and k.
16
Let w = 22 - 12. Let i(h) = h**3 - 2*h**2 + 7*h. Let v be i(5). Calculate the greatest common divisor of w and v.
10
Let z = 30 + 5. What is the greatest common factor of 15 and z?
5
Let m(p) = 31*p + 6. Let s be m(-7). Let z = -171 + 59. Let r = z - s. What is the greatest common factor of r and 11?
11
Let u be (184/10)/((-18)/(-225)). What is the highest common factor of 23 and u?
23
Let y be (-6)/15*(-30)/1. Suppose 3*h - 5*h = -y. Suppose -10 + 8 = -r. Calculate the highest common divisor of h and r.
2
Suppose 20 = 4*y + 6*y. Calculate the highest common factor of y and 22.
2
Suppose 2*z - 21 - 57 = 0. Let c(w) = 2*w + 5. Let f be c(4). Calculate the greatest common factor of z and f.
13
Let x = -493 - -738. Let y be (-2 - 0)/((-10)/x). Calculate the greatest common divisor of y and 7.
7
Suppose -c + 5*n + 10 = -2*c, -3*n - 78 = 3*c. Let w be 10/4*(-156)/c. What is the highest common factor of 52 and w?
13
Suppose 26 = 5*y + 1. Suppose 0 = -2*x - y*q + 15, -x - 3*q - 13 = -2*x. Calculate the highest common factor of 20 and x.
10
Suppose 0 = 6*i - 5*i. Let x = -6 + 14. Suppose r - x = -i. What is the highest common factor of r and 1?
1
Suppose 2*g - 32 = -w, -3*g + 17 = 5. Let x be -2 + 0 - (1 - w). Suppose 0*v + 3*v = x. What is the greatest common divisor of v and 7?
7
Let y(h) = h**3 - 8*h**2 + 15*h - 9. Let b be y(6). What is the greatest common divisor of b and 3?
3
Suppose -3*n = 5*o - 9, 3 = -3*o - 2*n + 3*n. Let d(j) = 7 - j + 2*j + j**3 - 4 + 19. Let l be d(o). Calculate the greatest common divisor of l and 2.
2
Let q = 68 - 62. What is the highest common divisor of 42 and q?
6
Let l(m) = -7*m - 2. Let t be l(3). Let c = t - -55. Let k = c + -22. What is the highest common factor of 20 and k?
10
Let r(z) = z**3 - 14*z**2 - 14*z - 10. Let n be r(15). Suppose -n*b = -6*b + 11. What is the greatest common factor of b and 77?
11
Suppose 2*h = i + 21, -8*h + 3*h + 53 = -2*i. What is the highest common divisor of 209 and h?
11
Suppose 0 = r - 2*r + 15. Let f(q) be the second derivative of 5*q**3/6 + 2*q. Let w be f(2). Calculate the highest common divisor of r and w.
5
Suppose 2*z = n + 4, 4 = -z + 3*z + n. Calculate the highest common factor of 4 and z.
2
Suppose 5*k + 2*q - 32 = 0, 2*k + q - 2 = 10. Calculate the highest common factor of k and 16.
8
Suppose -2*b + b = -5, -3*b - 1 = 4*t. Let q be t/(-2) + -1 + 35. Calculate the highest common divisor of q and 9.
9
Suppose 3*a - 205 = 2. Suppose 2*o = l - 51, -3*l = -3*o - 0*o - a. Let u = -20 - o. Calculate the greatest common factor of 64 and u.
8
Let r be (-9)/2*(-6)/9. Suppose -2*j + 1 = -r*j, 4*h - 169 = -3*j. Let f = h - 27. Calculate the highest common divisor of 4 and f.
4
Suppose -f - 6 = -1. Let q = 17 + f. Calculate the greatest common divisor of q and 48.
12
Let s(d) = 5*d**3 - 3*d**2 - d - 3. Let b be s(2). Calculate the highest common divisor of 115 and b.
23
Let h be 19/3*(-3)/(-1). Suppose 0*y - 5*y + 5 = 0. Let c be (y - 3)*-20 + -2. What is the greatest common divisor of h and c?
19
Let y = -8 + 10. Suppose -5*n - 2*m = -245, m + 5 = y*m. Suppose -4*d = 5*i + d - 35, n = 5*i - d. Calculate the highest common factor of 72 and i.
9
Let o = -123 + 193. Let r be 63/6 + (-2)/4. What is the highest common factor of o and r?
10
Suppose -w = -2*g + 45, -4*w - 58 - 42 = -4*g. Let m = -12 + 16. Suppose 3*s - 14 = -l, 0 = 5*l - 3*s + m - 20. What is the greatest common factor of l and g?
5
Suppose -3 = f - 7. Let h = 19 - 3. Calculate the greatest common factor of h and f.
4
Suppose 2*y = -y - 720. Let w be y/4*6/(-15). Calculate the greatest common divisor of 16 and w.
8
Let j be 1/(-6)*-3*6. Suppose j*i + 12 = 0, -m + 142 + 16 = -i. What is the highest common divisor of m and 14?
14
Suppose 4*s = 5*h - 0*h + 725, 3*s + 3*h = 537. Calculate the greatest common factor of s and 12.
12
Let p = -14 + 19. Suppose -p*z + 115 = -5*t, t = -z - 0*z + 21. What is the greatest common factor of 2 and z?
2
Suppose -4*p - 77 = 4*u - 13, 4*p = -u - 1. Let a be -3*(1 + u/9). What is the highest common factor of a and 12?
4
Suppose -22*d + 15*d = -161. Calculate the greatest common factor of d and 184.
23
Let g be 5 + 2*1/(-2). Suppose 5*z - 3*i + 3 = 0, 5*z + 1 = g*z + i. Suppose z*v - 5*v + 5 = 0. What is the greatest common divisor of 7 and v?
1
Let c = -77 - -115. What is the highest common factor of c and 95?
19
Let l(d) = d**2 - 3*d - 1. Let t be l(-2). Calculate the highest common divisor of t and 1.
1
Suppose 5*l = l + 112. Suppose -5*p + 10 = -5, 0 = 4*j + 4*p - l. Suppose -178 = -5*t - 3*n, 36 = t + j*n - 3*n. What is the highest common factor of 14 and t?
7
Let j be 236/(-12) + (-2)/(-3). Let r be j/(-38)*1*36. Calculate the greatest common factor of r and 18.
18
Let u(a) = a**2 - a + 12. Let c be u(7). Calculate the greatest common divisor of c and 6.
6
Suppose -3*c + 7*c + 4 = 0. Let h = c + 17. What is the greatest common factor of 8 and h?
8
Suppose -s + 3*s + 11 = -3*t, t + 2 = s. Let h be (-68)/t*15/10. What is the highest common divisor of h and 17?
17
Let q = -9 - -7. Let w be q*(1 - (4 - 2)). What is the highest common divisor of 2 and w?
2
Let j be ((-2 - -1)*-1)/(1/396). What is the greatest common factor of 36 and j?
36
Suppose -5*q + 10 = -u, -5*u + 5 = -4*u. Suppose 5 = q*c - 1. Let g = 1 - -4. Calculate the highest common divisor of g and c.
1
Let f = 225 + -119. Calculate the highest common divisor of f and 159.
53
Let x be 3*((-1360)/12)/(-5). What is the highest common divisor of x and 17?
17
Suppose 2*l + 7 = -3. Let c(v) = 19*v - 1. Let p be c(l). Let n be (-1)/((-94)/p + -1). What is the greatest common divisor of n and 12?
12
Let n = -53 + 65. Suppose -2*f = -7*f + 60. Calculate the greatest common divisor of f and n.
12
Suppose -26 = -3*f - 11. Suppose -4*d = -f*d + 17. What is the highest common factor of d and 51?
17
Let q(b) = -b**3 + 4*b**2 + 8*b - 5. Let c be q(5). What is the greatest common factor of 110 and c?
10
Suppose 4*t + 0 - 52 = 5*v, 4*t = 2*v + 52. Suppose 0 = 3*b + 3*l - 93, 77 = -b + 3*b + 5*l. Calculate the highest common divisor of t and b.
13
Let x(w) = 3*w**3 + w**2 - 2*w + 1. Suppose -n + 3 = -0*n. Suppose 2*c = -c + n. Let i be x(c). Calculate the greatest common factor of 12 and i.
3
Let h(a) = -a - 5. Let u be h(-8). Suppose 3*k - 21 = -5*y, -k - 1 = -u*y + 3*k. Calculate the greatest common factor of 9 and y.
3
Let z = 122 + -66. Calculate the greatest common divisor of z and 224.
56
Let x be (-3)/(2/4 - 2). Suppose -p + 9 = x*h, 4*p + 4 - 1 = 5*h. Let f(v) = v. Let r be f(p). Calculate the highest common divisor of r and 9.
3
Let p(a) = 2*a**2 - 10*a - 7. Let w be p(6). Suppose 25 = w*t, -y + 2*t - 266 = -5*y. What is the highest common divisor of 8 and y?
8
Let h(b) = -4*b**3 - 3*b**2 - 5 + 5 + 3 - 1. Let a be h(-2). Calculate the highest common divisor of a and 198.
22
Suppose -45 = -7*w + 165. Suppose 0 = 4*y - y + 3*n - 81, -96 = -3*y + 2*n. Calculate the greatest common divisor of y and w.
30
Let z(p) = 2*p**3 + p**2 - 2*p - 1. Let l = -